 is -28876 + -2?
-28878
In base 13, what is -14 - -3c2?
3ab
In base 5, what is 0 + 134231342?
134231342
In base 16, what is -2c0 - -3f?
-281
In base 11, what is -3423 - -11?
-3412
In base 12, what is -7119 + 1?
-7118
In base 4, what is -10 + -2221302132?
-2221302202
In base 15, what is -7 - -40d?
406
In base 7, what is -13445 - 16?
-13464
In base 12, what is -56a6 - -2?
-56a4
In base 7, what is -4 - -10542?
10535
In base 5, what is -332 - -124142?
123310
In base 16, what is 13 - -583e?
5851
In base 9, what is 28 + -577?
-548
In base 9, what is -35228 + 118?
-35110
In base 2, what is -10000101 + -11111100100011?
-11111110101000
In base 16, what is 18 - -152?
16a
In base 12, what is 238 - -60?
298
In base 4, what is 10 + -103032021?
-103032011
In base 6, what is -3355032 - 1?
-3355033
In base 6, what is -1435410 - -210?
-1435200
In base 13, what is -5 + -57864?
-57869
In base 5, what is 2 + -110422000?
-110421443
In base 15, what is 24b3 - -113?
25c6
In base 11, what is -19026 - 46?
-19071
In base 2, what is 10 - 1000001110011110?
-1000001110011100
In base 5, what is -1 + -12323?
-12324
In base 16, what is 14 + -854?
-840
In base 15, what is -4924e + -2?
-49251
In base 2, what is 11 + 10010010110110100011?
10010010110110100110
In base 5, what is 1 + -2101222?
-2101221
In base 4, what is 2 - 123001311?
-123001303
In base 4, what is 311213 + 32?
311311
In base 8, what is 1503630 - -3?
1503633
In base 2, what is 10111011 + -10001000?
110011
In base 13, what is 5 - -1492?
1497
In base 13, what is 2cca + 0?
2cca
In base 14, what is -5 + 5c956?
5c951
In base 10, what is -349 - 87?
-436
In base 3, what is -11 + -111101112?
-111101200
In base 15, what is 1115 - -3?
1118
In base 4, what is -1 + 233100011?
233100010
In base 6, what is 3451 + -1301?
2150
In base 9, what is -27281 + -2?
-27283
In base 14, what is -16125 - 2?
-16127
In base 15, what is -7b - 160?
-1db
In base 10, what is 1 + -83977?
-83976
In base 8, what is 1 - 2244421?
-2244420
In base 16, what is -3 + -1ea?
-1ed
In base 14, what is -3 - 22c1?
-22c4
In base 13, what is 10 - -589b?
58ab
In base 6, what is 2 + 135543?
135545
In base 15, what is -8 - 975d?
-9766
In base 11, what is -8 - -46430?
46423
In base 10, what is 9 - 77318?
-77309
In base 7, what is -202 + 254?
52
In base 4, what is 112120102 + 3?
112120111
In base 2, what is 1010000 + 100110?
1110110
In base 10, what is -90252 - -6?
-90246
In base 5, what is 10 - -211242240?
211242300
In base 2, what is 11111000010010011111 + -10?
11111000010010011101
In base 13, what is -1c67 + -98?
-2032
In base 12, what is -30 + -196?
-206
In base 9, what is 331064 + 0?
331064
In base 13, what is 2aa7 - 3?
2aa4
In base 16, what is 5 + -be16?
-be11
In base 8, what is 1 + -67163?
-67162
In base 13, what is 8464 - -1?
8465
In base 2, what is 100001110000101011 + -1?
100001110000101010
In base 4, what is -23103023 - -113?
-23102310
In base 10, what is 5715 - -1?
5716
In base 6, what is -3 + 2003333?
2003330
In base 15, what is 17 - -8980?
8997
In base 12, what is 0 + -20a?
-20a
In base 6, what is 355 - -422?
1221
In base 2, what is 100100 + -100101100010101?
-100101011110001
In base 2, what is 10110100100000 - 100?
10110100011100
In base 14, what is -2 - -1a584?
1a582
In base 14, what is 488 - -b5?
55d
In base 2, what is 1010111010 - -11000001?
1101111011
In base 14, what is -12 - -190d?
18db
In base 8, what is 32356 + 2?
32360
In base 12, what is -1 + -16800?
-16801
In base 14, what is -5 + 43a0?
4399
In base 13, what is 235 + -18a?
78
In base 5, what is -230 + 141?
-34
In base 15, what is 12bb9 - -2?
12bbb
In base 2, what is 111 - 10010001110111?
-10010001110000
In base 14, what is 83 + -42b?
-388
In base 13, what is 30205 - -a?
30212
In base 15, what is -20018 - 0?
-20018
In base 4, what is -1 + 3222133?
3222132
In base 12, what is -2 - -2270?
226a
In base 9, what is 607 + -1188?
-481
In base 11, what is -138 + 2228?
20a0
In base 8, what is -312 - 44?
-356
In base 7, what is -31 + -2613662?
-2614023
In base 13, what is -5 + -7594?
-7599
In base 16, what is -1a7d2 - 5?
-1a7d7
In base 9, what is 4 - -465?
470
In base 7, what is 2253425 + -5?
2253420
In base 10, what is -2 + -10471?
-10473
In base 10, what is 15050 + -3?
15047
In base 6, what is -5234 - 45?
-5323
In base 13, what is 48 - -3cb4?
402c
In base 8, what is -1 - -21212?
21211
In base 13, what is -8 - -181?
176
In base 10, what is 54 - -3326?
3380
In base 14, what is 642 + 2b3?
915
In base 13, what is -bc5c80 - 3?
-bc5c83
In base 9, what is 28 + 166?
205
In base 11, what is 9 - aa6?
-a98
In base 7, what is -4 + -26265?
-26302
In base 6, what is 3 - 42520?
-42513
In base 9, what is -3762 - 2?
-3764
In base 2, what is -100 + 11010001110111111?
11010001110111011
In base 9, what is 126 - 5?
121
In base 15, what is b7dc6 + 0?
b7dc6
In base 2, what is 1010101001111010 - -11100?
1010101010010110
In base 12, what is 88 - 286a?
-27a2
In base 8, what is -75467341 - -1?
-75467340
In base 15, what is 1e72 + 9?
1e7b
In base 2, what is 10110001 - 110100011?
-11110010
In base 3, what is -102 - -10020121?
10020012
In base 3, what is 10 + -2002012211?
-2002012201
In base 15, what is 0 - -c9bc4?
c9bc4
In base 10, what is 9 - 4646?
-4637
In base 3, what is 20211200221 - -1?
20211200222
In base 14, what is -49 + 10bc?
1073
In base 12, what is 11bba3 - -3?
11bba6
In base 10, what is -11962 + 7?
-11955
In base 7, what is 2 - -62151?
62153
In base 14, what is c249 + 53?
c29c
In base 13, what is -16 - -616a5?
6168c
In base 5, what is 4 + -231010?
-231001
In base 7, what is 44325 + 5?
44333
In base 4, what is -10021 + -11221?
-21302
In base 3, what is -121110 - 101210?
-1000020
In base 3, what is 10021012020 + 11?
10021012101
In base 14, what is 4320c + d?
4321b
In base 7, what is 0 - 10104600?
-10104600
In base 10, what is -3 + -285588?
-285591
In base 5, what is -1021223 + 2?
-1021221
In base 9, what is 3 - -16258?
16262
In base 14, what is -834 - -12b?
-707
In base 12, what is -127b2 - 3?
-127b5
In base 14, what is 261d + -56?
25a7
In base 11, what is 5 - 4899a9?
-4899a4
In base 8, what is -4060 + -6?
-4066
In base 10, what is -108168 + -29?
-108197
In base 2, what is -101101000 + -100000011001?
-100110000001
In base 15, what is -2 - -a3a30?
a3a2d
In base 6, what is -1020 + -1011?
-2031
In base 12, what is 2541b5b - -5?
2541b64
In base 16, what is 19 - 132?
-119
In base 3, what is -102 - -2010002010?
2010001201
In base 13, what is 381 + -33?
34b
In base 4, what is 11 + -2020010203?
-2020010132
In base 9, what is 54835 - 1?
54834
In base 11, what is -41 - -40a4?
4063
In base 14, what is 5 - 104a5?
-104a0
In base 2, what is 1001011100011 - 11010?
1001011001001
In base 6, what is 101315500 - -5?
101315505
In base 13, what is 6 - 12217a?
-122174
In base 16, what is -af1c + d?
-af0f
In base 5, what is -200 - 11000?
-11200
In base 2, what is -10 - 100010010010010100010?
-100010010010010100100
In base 13, what is -20 - -122c9?
122a9
In base 11, what is 8 - -a9a?
aa7
In base 6, what is -2513102 - 3?
-2513105
In base 16, what is 24e + 19d?
3eb
In base 11, what is -23121 + -1?
-23122
In base 16, what is -15 + -117cd?
-117e2
In base 5, what is 2114 + -131?
1433
In base 13, what is -a - 56?
-63
In base 6, what is 344 + -43530?
-43142
In base 6, what is -1230 + 54331?
53101
In base 11, what is -11015 + 170?
-10955
In base 14, what is 1 + -16975?
-16974
In base 7, what is -2365 - 126?
-2524
In base 16, what is 1 - -1f54a?
1f54b
In base 16, what is 209 + -3b7e?
-3975
In base 10, what is 82 + 10308?
10390
In base 6, what is -10210 + 240?
-5530
In base 14, what is -88 - 38c?
-436
In base 11, what is -2 + 45806?
45804
In base 12, what is -9 - -11b79?
11b70
In base 11, what is 532 - 157?
386
In base 11, what is -1 + -9625?
-9626
In base 12, what is 25a + 56b2?
5950
In base 3, what is -22001002122101 + -2?
-22001002122110
In base 8, what is 4 - -71773?
71777
In base 5, what is 320102323 - 10?
320102313
In base 7, what is 1 + 105345?
105346
In base 8, what is -1 + -17441?
-17442
In base 8, what is 707217 - -6?
707225
In base 14, what is 47 + -182?
-139
In base 16, what is 7 + 9922?
9929
In base 16, what is 1501ff - 1?
1501fe
In base 7, what is -620553 + -2?
-620555
In base 4, what is -1210230 - -10?
-1210220
In base 6, what is -2